{"id":4592,"date":"2023-09-01T14:36:36","date_gmt":"2023-09-01T12:36:36","guid":{"rendered":"https:\/\/bon.uksw.edu.pl\/?page_id=4592"},"modified":"2023-09-05T12:25:17","modified_gmt":"2023-09-05T10:25:17","slug":"partnerzy","status":"publish","type":"page","link":"https:\/\/bon.uksw.edu.pl\/konferencje\/konferencja-2023\/partnerzy\/","title":{"rendered":"Partnerzy"},"content":{"rendered":"\n<p>Katolicki Uniwersytet Eichst\u00e4tt-Ingolstadt<\/p>\n\n\n\n<p>Wy\u017csza Szko\u0142a Gospodarki Euroregionalnej w&nbsp;J\u00f3zefowie<br>Wydzia\u0142 Nauk Pedagogicznych Uniwersytetu Kardyna\u0142a Stefana Wyszy\u0144skiego w&nbsp;Warszawie<\/p>\n\n\n\n<p>Wydzia\u0142 Studi\u00f3w nad Rodzin\u0105 Uniwersytetu Kardyna\u0142a Stefana Wyszy\u0144skiego w Warszawie<\/p>\n\n\n\n<p>Polska Akademia Nauk Spo\u0142ecznych i Humanistycznych w Londynie<br>Akademia Pedagogiki Specjalnej im.&nbsp;Marii Grzegorzewskiej (Zak\u0142ad Psychopedagogiki Resocjalizacyjnej)<\/p>\n\n\n\n<p>Katedra Socjologii Zdrowia i Pracy Socjalnej Wydzia\u0142u Spo\u0142eczno-Ekonomicznego Uniwersytetu Kardyna\u0142a Stefana Wyszy\u0144skiego w Warszawie<\/p>\n\n\n\n<p>Zak\u0142ad Psychologii Dewiacji Instytutu Profilaktyki Spo\u0142ecznej i Resocjalizacji Uniwersytetu Warszawskiego<br>Zak\u0142ad Metodologii Bada\u0144 i&nbsp;Analiz Socjologicznych Instytutu Nauk Socjologicznych Wydzia\u0142u Spo\u0142eczno-Ekonomicznego Uniwersytetu Kardyna\u0142a Stefana Wyszy\u0144skiego w&nbsp;Warszawie<\/p>\n\n\n\n<p>Centrum Projekt\u00f3w Europejskich w Warszawie<\/p>\n\n\n\n<p>Polska Fundacja Narodowa<\/p>\n\n\n\n<p>Fundacja Popieram Rodzin\u0119<\/p>\n","protected":false},"excerpt":{"rendered":"<p>Katolicki Uniwersytet Eichst\u00e4tt-Ingolstadt Wy\u017csza Szko\u0142a Gospodarki Euroregionalnej w&nbsp;J\u00f3zefowieWydzia\u0142 Nauk Pedagogicznych Uniwersytetu Kardyna\u0142a Stefana Wyszy\u0144skiego w&nbsp;Warszawie Wydzia\u0142 Studi\u00f3w nad Rodzin\u0105 Uniwersytetu Kardyna\u0142a Stefana Wyszy\u0144skiego w Warszawie Polska Akademia Nauk Spo\u0142ecznych i Humanistycznych w LondynieAkademia Pedagogiki Specjalnej im.&nbsp;Marii Grzegorzewskiej (Zak\u0142ad Psychopedagogiki Resocjalizacyjnej) Katedra Socjologii Zdrowia i Pracy Socjalnej Wydzia\u0142u Spo\u0142eczno-Ekonomicznego Uniwersytetu Kardyna\u0142a Stefana Wyszy\u0144skiego w Warszawie Zak\u0142ad [&hellip;]<\/p>\n","protected":false},"author":190,"featured_media":0,"parent":4575,"menu_order":14,"comment_status":"closed","ping_status":"closed","template":"page-templates\/template-sub-page.php","meta":{"_acf_changed":false,"inline_featured_image":false,"footnotes":"","_links_to":"","_links_to_target":""},"class_list":["post-4592","page","type-page","status-publish","hentry"],"acf":[],"_links":{"self":[{"href":"https:\/\/bon.uksw.edu.pl\/pl\/wp-json\/wp\/v2\/pages\/4592","targetHints":{"allow":["GET"]}}],"collection":[{"href":"https:\/\/bon.uksw.edu.pl\/pl\/wp-json\/wp\/v2\/pages"}],"about":[{"href":"https:\/\/bon.uksw.edu.pl\/pl\/wp-json\/wp\/v2\/types\/page"}],"author":[{"embeddable":true,"href":"https:\/\/bon.uksw.edu.pl\/pl\/wp-json\/wp\/v2\/users\/190"}],"replies":[{"embeddable":true,"href":"https:\/\/bon.uksw.edu.pl\/pl\/wp-json\/wp\/v2\/comments?post=4592"}],"version-history":[{"count":1,"href":"https:\/\/bon.uksw.edu.pl\/pl\/wp-json\/wp\/v2\/pages\/4592\/revisions"}],"predecessor-version":[{"id":4593,"href":"https:\/\/bon.uksw.edu.pl\/pl\/wp-json\/wp\/v2\/pages\/4592\/revisions\/4593"}],"up":[{"embeddable":true,"href":"https:\/\/bon.uksw.edu.pl\/pl\/wp-json\/wp\/v2\/pages\/4575"}],"wp:attachment":[{"href":"https:\/\/bon.uksw.edu.pl\/pl\/wp-json\/wp\/v2\/media?parent=4592"}],"curies":[{"name":"wp","href":"https:\/\/api.w.org\/{rel}","templated":true}]}}

<p>Katolicki Uniwersytet Eichstätt-Ingolstadt</p>



<p>Wyższa Szkoła Gospodarki Euroregionalnej w&nbsp;Józefowie<br>Wydział Nauk Pedagogicznych Uniwersytetu Kardynała Stefana Wyszyńskiego w&nbsp;Warszawie</p>



<p>Wydział Studiów nad Rodziną Uniwersytetu Kardynała Stefana Wyszyńskiego w Warszawie</p>



<p>Polska Akademia Nauk Społecznych i Humanistycznych w Londynie<br>Akademia Pedagogiki Specjalnej im.&nbsp;Marii Grzegorzewskiej (Zakład Psychopedagogiki Resocjalizacyjnej)</p>



<p>Katedra Socjologii Zdrowia i Pracy Socjalnej Wydziału Społeczno-Ekonomicznego Uniwersytetu Kardynała Stefana Wyszyńskiego w Warszawie</p>



<p>Zakład Psychologii Dewiacji Instytutu Profilaktyki Społecznej i Resocjalizacji Uniwersytetu Warszawskiego<br>Zakład Metodologii Badań i&nbsp;Analiz Socjologicznych Instytutu Nauk Socjologicznych Wydziału Społeczno-Ekonomicznego Uniwersytetu Kardynała Stefana Wyszyńskiego w&nbsp;Warszawie</p>



<p>Centrum Projektów Europejskich w Warszawie</p>



<p>Polska Fundacja Narodowa</p>



<p>Fundacja Popieram Rodzinę</p>

<p>Katolicki Uniwersytet Eichstätt-Ingolstadt Wyższa Szkoła Gospodarki Euroregionalnej w&nbsp;JózefowieWydział Nauk Pedagogicznych Uniwersytetu Kardynała Stefana Wyszyńskiego w&nbsp;Warszawie Wydział Studiów nad Rodziną Uniwersytetu Kardynała Stefana Wyszyńskiego w Warszawie Polska Akademia Nauk Społecznych i Humanistycznych w LondynieAkademia Pedagogiki Specjalnej im.&nbsp;Marii Grzegorzewskiej (Zakład Psychopedagogiki Resocjalizacyjnej) Katedra Socjologii Zdrowia i Pracy Socjalnej Wydziału Społeczno-Ekonomicznego Uniwersytetu Kardynała Stefana Wyszyńskiego w Warszawie Zakład [&hellip;]</p>
